common divisor of 216 and 56.
8
What is the greatest common divisor of 23 and 529?
23
Calculate the highest common divisor of 3887 and 676.
169
Calculate the greatest common divisor of 1044 and 116.
116
What is the greatest common divisor of 6 and 16?
2
Calculate the highest common factor of 300 and 225.
75
Calculate the highest common divisor of 34 and 21403.
17
What is the greatest common factor of 2193 and 34?
17
Calculate the highest common factor of 7 and 511.
7
What is the greatest common divisor of 232 and 8?
8
Calculate the greatest common factor of 128 and 332.
4
What is the greatest common divisor of 398 and 58?
2
Calculate the highest common divisor of 656 and 1066.
82
Calculate the highest common factor of 3057 and 3.
3
Calculate the greatest common factor of 4541 and 76.
19
Calculate the highest common divisor of 416 and 468.
52
Calculate the highest common divisor of 1110 and 3219.
111
Calculate the greatest common divisor of 6204 and 264.
132
What is the greatest common divisor of 20 and 8?
4
Calculate the greatest common divisor of 498 and 25647.
249
What is the greatest common factor of 77 and 77?
77
Calculate the highest common divisor of 12 and 124.
4
What is the greatest common divisor of 109684 and 34?
34
What is the greatest common divisor of 78 and 806?
26
What is the highest common divisor of 10 and 16010?
10
Calculate the greatest common divisor of 98 and 637.
49
What is the greatest common divisor of 7288 and 72?
8
What is the highest common divisor of 117 and 63?
9
Calculate the greatest common divisor of 27 and 336.
3
What is the greatest common divisor of 235 and 611?
47
What is the greatest common divisor of 90 and 3930?
30
What is the greatest common factor of 13 and 5213?
13
What is the greatest common divisor of 246 and 1?
1
What is the greatest common factor of 90 and 9?
9
What is the highest common factor of 448 and 168?
56
Calculate the greatest common divisor of 19 and 21869.
19
What is the greatest common divisor of 3302 and 1143?
127
What is the greatest common divisor of 83 and 4?
1
Calculate the greatest common factor of 130 and 4030.
130
Calculate the highest common divisor of 240 and 108.
12
Calculate the greatest common divisor of 2170 and 14.
14
Calculate the greatest common divisor of 96 and 10112.
32
Calculate the highest common divisor of 203 and 7.
7
What is the highest common divisor of 6062 and 98?
14
Calculate the highest common divisor of 18 and 5.
1
Calculate the highest common factor of 305 and 183.
61
What is the highest common divisor of 186 and 174?
6
Calculate the greatest common divisor of 64 and 24.
8
What is the greatest common factor of 80 and 80?
80
What is the highest common divisor of 115 and 10?
5
What is the greatest common factor of 200 and 25?
25
What is the greatest common factor of 496 and 465?
31
Calculate the highest common divisor of 126 and 4221.
63
Calculate the greatest common factor of 42886 and 246.
82
What is the highest common divisor of 24 and 2160?
24
Calculate the greatest common divisor of 121 and 484.
121
Calculate the highest common divisor of 35 and 9310.
35
Calculate the greatest common factor of 21 and 6.
3
Calculate the greatest common divisor of 45 and 645.
15
Calculate the highest common divisor of 272 and 144.
16
What is the highest common divisor of 333 and 27?
9
Calculate the greatest common divisor of 1702 and 414.
46
What is the greatest common factor of 1104 and 69?
69
What is the greatest common factor of 125 and 6?
1
What is the greatest common factor of 48 and 3984?
48
What is the highest common factor of 430 and 30?
10
What is the highest common divisor of 117 and 1131?
39
Calculate the greatest common divisor of 57 and 76.
19
What is the greatest common factor of 26535 and 549?
183
What is the greatest common divisor of 312 and 72?
24
Calculate the highest common divisor of 143 and 572.
143
What is the highest common factor of 357 and 42?
21
What is the highest common factor of 24 and 256?
8
What is the highest common factor of 72 and 108?
36
Calculate the greatest common divisor of 385 and 840.
35
Calculate the greatest common divisor of 27 and 513.
27
What is the greatest common factor of 1444 and 76?
76
Calculate the highest common factor of 2546 and 3216.
134
Calculate the greatest common divisor of 3122 and 406.
14
Calculate the highest common divisor of 11322 and 6.
6
What is the highest common factor of 8471 and 43?
43
What is the greatest common divisor of 1890 and 60?
30
What is the greatest common factor of 676 and 56?
4
Calculate the highest common divisor of 91 and 533.
13
What is the highest common factor of 133 and 35?
7
What is the greatest common factor of 558 and 342?
18
Calculate the highest common divisor of 37 and 1369.
37
What is the greatest common factor of 51 and 687?
3
What is the highest common factor of 10 and 22170?
10
What is the greatest common divisor of 152 and 16?
8
What is the highest common divisor of 1615 and 1020?
85
Calculate the highest common divisor of 27 and 468.
9
Calculate the highest common divisor of 474 and 1027.
79
What is the highest common divisor of 279 and 63?
9
What is the greatest common factor of 4964 and 136?
68
Calculate the highest common factor of 67 and 8.
1
What is the greatest common divisor of 24 and 108?
12
What is the highest common factor of 18005 and 39?
13
What is the greatest common factor of 2472 and 12?
12
What is the greatest common factor of 300 and 4080?
60
Calculate the highest common divisor of 225 and 15.
15
Calculate the greatest common factor of 231 and 84.
21
Calculate the highest common factor of 1691 and 267.
89
Calculate the greatest common factor of 392 and 23716.
196
Calculate the highest common factor of 12 and 28.
4
Calculate the highest common factor of 64 and 6280.
8
What is the greatest common divisor of 300 and 24?
12
Calculate the highest common factor of 132 and 192.
12
What is the greatest common divisor of 1349 and 76?
19
Calculate the highest common divisor of 580 and 145.
145
What is the highest common factor of 48837 and 438?
219
What is the greatest common divisor of 4 and 7064?
4
Calculate the highest common factor of 140 and 105.
35
Calculate the greatest common factor of 96 and 480.
96
Calculate the highest common factor of 1159 and 305.
61
Calculate the greatest common divisor of 495 and 11.
11
Calculate the highest common factor of 9255 and 15.
15
Calculate the highest common factor of 9804 and 12.
12
Calculate the greatest common divisor of 35663 and 19.
19
Calculate the highest common divisor of 44 and 198.
22
Calculate the highest common factor of 151 and 1.
1
What is the greatest common factor of 285 and 190?
95
What is the highest common factor of 7812 and 1519?
217
What is the highest common divisor of 3 and 125?
1
What is the greatest common factor of 84 and 168?
84
Calculate the greatest common factor of 20 and 305.
5
Calculate the greatest common factor of 2240 and 80.
80
What is the highest common factor of 14555 and 710?
355
Calculate the highest common factor of 187 and 2601.
17
Calculate the highest common factor of 105 and 2235.
15
What is the greatest common factor of 15276 and 76?
76
Calculate the highest common divisor of 510 and 51.
51
What is the highest common divisor of 466 and 2?
2
Calculate the greatest common factor of 13 and 5044.
13
Calculate the greatest common divisor of 210 and 2380.
70
Calculate the greatest common divisor of 180 and 477.
9
What is the greatest common divisor of 5 and 490?
5
Calculate the highest common divisor of 116 and 319.
29
Calculate the highest common factor of 400 and 112.
16
What is the greatest common factor of 2472 and 24?
24
What is the greatest common divisor of 72 and 2547?
9
Calculate the highest common factor of 1112 and 1251.
139
What is the highest common factor of 528 and 1650?
66
What is the highest common factor of 200 and 18725?
25
Calculate the greatest common factor of 322 and 46.
46
Calculate the highest common divisor of 30 and 2370.
30
Calculate the highest common divisor of 92 and 230.
46
Calculate the greatest common divisor of 806 and 372.
62
Calculate the greatest common divisor of 3835 and 520.
65
Calculate the greatest common factor of 41 and 32308.
41
Ca